{"id":28500,"date":"2023-01-02T20:29:28","date_gmt":"2023-01-02T20:29:28","guid":{"rendered":"https:\/\/casadastintasans.com.br\/?post_type=product&#038;p=28500"},"modified":"2023-01-02T20:29:28","modified_gmt":"2023-01-02T20:29:28","slug":"liqui-base-lidertex","status":"publish","type":"product","link":"https:\/\/casadastintasans.com.br\/index.php\/produto\/liqui-base-lidertex\/","title":{"rendered":"LIQUI-BASE LIDERTEX"},"content":{"rendered":"","protected":false},"excerpt":{"rendered":"<p>LIDERTEX LIQUI BASE \u00e9 um produto indicado para selar e uniformizar a absor\u00e7\u00e3o em superf\u00edcies internas de reboco e massa corrida.<\/p>\n","protected":false},"featured_media":28497,"template":"","meta":[],"product_brand":[],"product_cat":[189,144],"product_tag":[],"class_list":{"0":"post-28500","1":"product","2":"type-product","3":"status-publish","4":"has-post-thumbnail","6":"product_cat-complementos","7":"product_cat-linha-imobiliaria","9":"first","10":"instock","11":"shipping-taxable","12":"product-type-simple"},"aioseo_notices":[],"_links":{"self":[{"href":"https:\/\/casadastintasans.com.br\/index.php\/wp-json\/wp\/v2\/product\/28500","targetHints":{"allow":["GET"]}}],"collection":[{"href":"https:\/\/casadastintasans.com.br\/index.php\/wp-json\/wp\/v2\/product"}],"about":[{"href":"https:\/\/casadastintasans.com.br\/index.php\/wp-json\/wp\/v2\/types\/product"}],"wp:featuredmedia":[{"embeddable":true,"href":"https:\/\/casadastintasans.com.br\/index.php\/wp-json\/wp\/v2\/media\/28497"}],"wp:attachment":[{"href":"https:\/\/casadastintasans.com.br\/index.php\/wp-json\/wp\/v2\/media?parent=28500"}],"wp:term":[{"taxonomy":"product_brand","embeddable":true,"href":"https:\/\/casadastintasans.com.br\/index.php\/wp-json\/wp\/v2\/product_brand?post=28500"},{"taxonomy":"product_cat","embeddable":true,"href":"https:\/\/casadastintasans.com.br\/index.php\/wp-json\/wp\/v2\/product_cat?post=28500"},{"taxonomy":"product_tag","embeddable":true,"href":"https:\/\/casadastintasans.com.br\/index.php\/wp-json\/wp\/v2\/product_tag?post=28500"}],"curies":[{"name":"wp","href":"https:\/\/api.w.org\/{rel}","templated":true}]}}