{"id":27996,"date":"2021-07-10T11:54:35","date_gmt":"2021-07-10T11:54:35","guid":{"rendered":"http:\/\/casadastintasans.com.br\/?post_type=product&#038;p=27996"},"modified":"2021-07-10T11:54:35","modified_gmt":"2021-07-10T11:54:35","slug":"norton-disco-de-lixa-seco-multi-air","status":"publish","type":"product","link":"https:\/\/casadastintasans.com.br\/index.php\/produto\/norton-disco-de-lixa-seco-multi-air\/","title":{"rendered":"Norton Disco de Lixa Seco Multi-Air"},"content":{"rendered":"","protected":false},"excerpt":{"rendered":"<p>O Disco de Lixa Seco Norgrip Multi-Air A275 \u00e9 uma lixa de papel em formato de disco feita com gr\u00e3o \u00d3xido de Alum\u00ednio, \u00e9 conhecida como lixa Champagne, um dos \u2018best-sellers\u2019 da Norton, indicada em opera\u00e7\u00f5es de lixamento na prepara\u00e7\u00e3o de superf\u00edcies, lixamento de seladoras e vernizes. \u00c9 utilizado com o sistema Multi-Air que possui grande capacidade de capta\u00e7\u00e3o de p\u00f3, e proporciona prote\u00e7\u00e3o respirat\u00f3ria para o usu\u00e1rio, e menor empastamento da lixa, garantindo maior qualidade do processo.<\/p>\n","protected":false},"featured_media":27997,"template":"","meta":[],"product_brand":[],"product_cat":[207,145,205],"product_tag":[],"class_list":{"0":"post-27996","1":"product","2":"type-product","3":"status-publish","4":"has-post-thumbnail","6":"product_cat-abrasivos","7":"product_cat-acessorios","8":"product_cat-discos","10":"first","11":"instock","12":"shipping-taxable","13":"product-type-simple"},"aioseo_notices":[],"_links":{"self":[{"href":"https:\/\/casadastintasans.com.br\/index.php\/wp-json\/wp\/v2\/product\/27996","targetHints":{"allow":["GET"]}}],"collection":[{"href":"https:\/\/casadastintasans.com.br\/index.php\/wp-json\/wp\/v2\/product"}],"about":[{"href":"https:\/\/casadastintasans.com.br\/index.php\/wp-json\/wp\/v2\/types\/product"}],"wp:featuredmedia":[{"embeddable":true,"href":"https:\/\/casadastintasans.com.br\/index.php\/wp-json\/wp\/v2\/media\/27997"}],"wp:attachment":[{"href":"https:\/\/casadastintasans.com.br\/index.php\/wp-json\/wp\/v2\/media?parent=27996"}],"wp:term":[{"taxonomy":"product_brand","embeddable":true,"href":"https:\/\/casadastintasans.com.br\/index.php\/wp-json\/wp\/v2\/product_brand?post=27996"},{"taxonomy":"product_cat","embeddable":true,"href":"https:\/\/casadastintasans.com.br\/index.php\/wp-json\/wp\/v2\/product_cat?post=27996"},{"taxonomy":"product_tag","embeddable":true,"href":"https:\/\/casadastintasans.com.br\/index.php\/wp-json\/wp\/v2\/product_tag?post=27996"}],"curies":[{"name":"wp","href":"https:\/\/api.w.org\/{rel}","templated":true}]}}