{"id":27994,"date":"2021-07-10T11:40:48","date_gmt":"2021-07-10T11:40:48","guid":{"rendered":"http:\/\/casadastintasans.com.br\/?post_type=product&#038;p=27994"},"modified":"2021-07-10T11:40:49","modified_gmt":"2021-07-10T11:40:49","slug":"fita-crepe-reparo-e-restauracao","status":"publish","type":"product","link":"https:\/\/casadastintasans.com.br\/index.php\/produto\/fita-crepe-reparo-e-restauracao\/","title":{"rendered":"Fita Crepe Reparo e Restaura\u00e7\u00e3o"},"content":{"rendered":"","protected":false},"excerpt":{"rendered":"<div class=\"product-description\">\n<div class=\"block-wysiwyg\">\n<p class=\"rtejustify\">A Fita Crepe Reparo e Restaura\u00e7\u00e3o \u00e9 uma fita com excelente ades\u00e3o, ideal para isolamento de superf\u00edcies e aux\u00edlio no mascaramento, realiza\u00e7\u00e3o de curvas e contornos. Sua cor amarela destaca-se no mascaramento, o que facilita o processo. Resiste \u00e0 temperaturas ambientes e cabines de pintura at\u00e9 80\u00baC, por 30 minutos, sem deixar res\u00edduos de cola na pe\u00e7a.<\/p>\n<\/div>\n<\/div>\n<div class=\"product-attr-area\"><\/div>\n","protected":false},"featured_media":27995,"template":"","meta":[],"product_brand":[],"product_cat":[145,166],"product_tag":[],"class_list":{"0":"post-27994","1":"product","2":"type-product","3":"status-publish","4":"has-post-thumbnail","6":"product_cat-acessorios","7":"product_cat-fitas","9":"first","10":"instock","11":"shipping-taxable","12":"product-type-simple"},"aioseo_notices":[],"_links":{"self":[{"href":"https:\/\/casadastintasans.com.br\/index.php\/wp-json\/wp\/v2\/product\/27994","targetHints":{"allow":["GET"]}}],"collection":[{"href":"https:\/\/casadastintasans.com.br\/index.php\/wp-json\/wp\/v2\/product"}],"about":[{"href":"https:\/\/casadastintasans.com.br\/index.php\/wp-json\/wp\/v2\/types\/product"}],"wp:featuredmedia":[{"embeddable":true,"href":"https:\/\/casadastintasans.com.br\/index.php\/wp-json\/wp\/v2\/media\/27995"}],"wp:attachment":[{"href":"https:\/\/casadastintasans.com.br\/index.php\/wp-json\/wp\/v2\/media?parent=27994"}],"wp:term":[{"taxonomy":"product_brand","embeddable":true,"href":"https:\/\/casadastintasans.com.br\/index.php\/wp-json\/wp\/v2\/product_brand?post=27994"},{"taxonomy":"product_cat","embeddable":true,"href":"https:\/\/casadastintasans.com.br\/index.php\/wp-json\/wp\/v2\/product_cat?post=27994"},{"taxonomy":"product_tag","embeddable":true,"href":"https:\/\/casadastintasans.com.br\/index.php\/wp-json\/wp\/v2\/product_tag?post=27994"}],"curies":[{"name":"wp","href":"https:\/\/api.w.org\/{rel}","templated":true}]}}