{"id":27969,"date":"2021-07-08T19:24:57","date_gmt":"2021-07-08T19:24:57","guid":{"rendered":"http:\/\/casadastintasans.com.br\/?post_type=product&#038;p=27969"},"modified":"2021-07-08T19:25:18","modified_gmt":"2021-07-08T19:25:18","slug":"purplex-lixador-manual-com-presilhas-ref-001","status":"publish","type":"product","link":"https:\/\/casadastintasans.com.br\/index.php\/produto\/purplex-lixador-manual-com-presilhas-ref-001\/","title":{"rendered":"Lixador Manual com Presilhas Ref. 001"},"content":{"rendered":"","protected":false},"excerpt":{"rendered":"<div id=\"descricao\">\n<blockquote><p>Fabricado em Poliestireno de Alto Impacto que lhe confere alta resist\u00eancia e qualidade. Empunhadura ergon\u00f4mica e no tamanho ideal para lixamento de cap\u00f4s, tetos, para-lamas, para-choques, etc, no segmento automotivo. Pr\u00e1ticas presilhas que facilitam a fixa\u00e7\u00e3o da lixa com rapidez e sem desperd\u00edcio. Base em EVA completamente plana.<\/p><\/blockquote>\n<\/div>\n<div id=\"detalhes\"><\/div>\n","protected":false},"featured_media":27970,"template":"","meta":[],"product_brand":[],"product_cat":[145],"product_tag":[],"class_list":{"0":"post-27969","1":"product","2":"type-product","3":"status-publish","4":"has-post-thumbnail","6":"product_cat-acessorios","8":"first","9":"instock","10":"shipping-taxable","11":"product-type-simple"},"aioseo_notices":[],"_links":{"self":[{"href":"https:\/\/casadastintasans.com.br\/index.php\/wp-json\/wp\/v2\/product\/27969","targetHints":{"allow":["GET"]}}],"collection":[{"href":"https:\/\/casadastintasans.com.br\/index.php\/wp-json\/wp\/v2\/product"}],"about":[{"href":"https:\/\/casadastintasans.com.br\/index.php\/wp-json\/wp\/v2\/types\/product"}],"wp:featuredmedia":[{"embeddable":true,"href":"https:\/\/casadastintasans.com.br\/index.php\/wp-json\/wp\/v2\/media\/27970"}],"wp:attachment":[{"href":"https:\/\/casadastintasans.com.br\/index.php\/wp-json\/wp\/v2\/media?parent=27969"}],"wp:term":[{"taxonomy":"product_brand","embeddable":true,"href":"https:\/\/casadastintasans.com.br\/index.php\/wp-json\/wp\/v2\/product_brand?post=27969"},{"taxonomy":"product_cat","embeddable":true,"href":"https:\/\/casadastintasans.com.br\/index.php\/wp-json\/wp\/v2\/product_cat?post=27969"},{"taxonomy":"product_tag","embeddable":true,"href":"https:\/\/casadastintasans.com.br\/index.php\/wp-json\/wp\/v2\/product_tag?post=27969"}],"curies":[{"name":"wp","href":"https:\/\/api.w.org\/{rel}","templated":true}]}}