{"id":27939,"date":"2021-07-07T18:53:59","date_gmt":"2021-07-07T18:53:59","guid":{"rendered":"http:\/\/casadastintasans.com.br\/?post_type=product&#038;p=27939"},"modified":"2021-07-07T18:54:00","modified_gmt":"2021-07-07T18:54:00","slug":"respirador-de-ar-semifacial","status":"publish","type":"product","link":"https:\/\/casadastintasans.com.br\/index.php\/produto\/respirador-de-ar-semifacial\/","title":{"rendered":"Respirador de Ar Semifacial"},"content":{"rendered":"","protected":false},"excerpt":{"rendered":"<div class=\"product-description\">\n<div class=\"block-wysiwyg\">\n<p class=\"rtejustify\">Indicado para prote\u00e7\u00e3o respirat\u00f3ria em trabalhos com grande concentra\u00e7\u00e3o de\u00a0n\u00e9voas e vapores org\u00e2nicos. Composto por dois pares de filtros, sendo um par de filtros qu\u00edmico, que protegem contra os vapores organicos e um par de filtros mec\u00e2nico, que protege contra\u00a0a inala\u00e7\u00e3o de poeiras e n\u00e9voas.<\/p>\n<\/div>\n<\/div>\n<div class=\"product-attr-area\"><\/div>\n","protected":false},"featured_media":27940,"template":"","meta":[],"product_brand":[],"product_cat":[145,208],"product_tag":[],"class_list":{"0":"post-27939","1":"product","2":"type-product","3":"status-publish","4":"has-post-thumbnail","6":"product_cat-acessorios","7":"product_cat-protecao","9":"first","10":"instock","11":"shipping-taxable","12":"product-type-simple"},"aioseo_notices":[],"_links":{"self":[{"href":"https:\/\/casadastintasans.com.br\/index.php\/wp-json\/wp\/v2\/product\/27939","targetHints":{"allow":["GET"]}}],"collection":[{"href":"https:\/\/casadastintasans.com.br\/index.php\/wp-json\/wp\/v2\/product"}],"about":[{"href":"https:\/\/casadastintasans.com.br\/index.php\/wp-json\/wp\/v2\/types\/product"}],"wp:featuredmedia":[{"embeddable":true,"href":"https:\/\/casadastintasans.com.br\/index.php\/wp-json\/wp\/v2\/media\/27940"}],"wp:attachment":[{"href":"https:\/\/casadastintasans.com.br\/index.php\/wp-json\/wp\/v2\/media?parent=27939"}],"wp:term":[{"taxonomy":"product_brand","embeddable":true,"href":"https:\/\/casadastintasans.com.br\/index.php\/wp-json\/wp\/v2\/product_brand?post=27939"},{"taxonomy":"product_cat","embeddable":true,"href":"https:\/\/casadastintasans.com.br\/index.php\/wp-json\/wp\/v2\/product_cat?post=27939"},{"taxonomy":"product_tag","embeddable":true,"href":"https:\/\/casadastintasans.com.br\/index.php\/wp-json\/wp\/v2\/product_tag?post=27939"}],"curies":[{"name":"wp","href":"https:\/\/api.w.org\/{rel}","templated":true}]}}