{"id":27912,"date":"2021-07-05T18:43:24","date_gmt":"2021-07-05T18:43:24","guid":{"rendered":"http:\/\/casadastintasans.com.br\/?post_type=product&#038;p=27912"},"modified":"2021-07-05T18:43:24","modified_gmt":"2021-07-05T18:43:24","slug":"desempenadeira-plastica-grande-166","status":"publish","type":"product","link":"https:\/\/casadastintasans.com.br\/index.php\/produto\/desempenadeira-plastica-grande-166\/","title":{"rendered":"DESEMPENADEIRA PL\u00c1STICA GRANDE 166"},"content":{"rendered":"","protected":false},"excerpt":{"rendered":"<p>Desempenadeira pl\u00e1stica tamanho grande para aplica\u00e7\u00e3o de textura decorativa.<\/p>\n","protected":false},"featured_media":27913,"template":"","meta":[],"product_brand":[],"product_cat":[210,209],"product_tag":[],"class_list":{"0":"post-27912","1":"product","2":"type-product","3":"status-publish","4":"has-post-thumbnail","6":"product_cat-ferramentas","7":"product_cat-ferramentas-2","9":"first","10":"instock","11":"shipping-taxable","12":"product-type-simple"},"aioseo_notices":[],"_links":{"self":[{"href":"https:\/\/casadastintasans.com.br\/index.php\/wp-json\/wp\/v2\/product\/27912","targetHints":{"allow":["GET"]}}],"collection":[{"href":"https:\/\/casadastintasans.com.br\/index.php\/wp-json\/wp\/v2\/product"}],"about":[{"href":"https:\/\/casadastintasans.com.br\/index.php\/wp-json\/wp\/v2\/types\/product"}],"wp:featuredmedia":[{"embeddable":true,"href":"https:\/\/casadastintasans.com.br\/index.php\/wp-json\/wp\/v2\/media\/27913"}],"wp:attachment":[{"href":"https:\/\/casadastintasans.com.br\/index.php\/wp-json\/wp\/v2\/media?parent=27912"}],"wp:term":[{"taxonomy":"product_brand","embeddable":true,"href":"https:\/\/casadastintasans.com.br\/index.php\/wp-json\/wp\/v2\/product_brand?post=27912"},{"taxonomy":"product_cat","embeddable":true,"href":"https:\/\/casadastintasans.com.br\/index.php\/wp-json\/wp\/v2\/product_cat?post=27912"},{"taxonomy":"product_tag","embeddable":true,"href":"https:\/\/casadastintasans.com.br\/index.php\/wp-json\/wp\/v2\/product_tag?post=27912"}],"curies":[{"name":"wp","href":"https:\/\/api.w.org\/{rel}","templated":true}]}}