{"id":27851,"date":"2021-07-03T13:43:54","date_gmt":"2021-07-03T13:43:54","guid":{"rendered":"http:\/\/casadastintasans.com.br\/?post_type=product&#038;p=27851"},"modified":"2021-07-03T13:43:54","modified_gmt":"2021-07-03T13:43:54","slug":"atlas-raspador-de-tinta-at275-6","status":"publish","type":"product","link":"https:\/\/casadastintasans.com.br\/index.php\/produto\/atlas-raspador-de-tinta-at275-6\/","title":{"rendered":"ATLAS RASPADOR DE TINTA AT275\/6"},"content":{"rendered":"","protected":false},"excerpt":{"rendered":"<p>Raspador com cabo pl\u00e1stico e l\u00e2mina de a\u00e7o refor\u00e7ado e revers\u00edvel. Raspador para remover rapidamente tintas, vernizes, colas etc.<\/p>\n","protected":false},"featured_media":27852,"template":"","meta":[],"product_brand":[],"product_cat":[145],"product_tag":[],"class_list":{"0":"post-27851","1":"product","2":"type-product","3":"status-publish","4":"has-post-thumbnail","6":"product_cat-acessorios","8":"first","9":"instock","10":"shipping-taxable","11":"product-type-simple"},"aioseo_notices":[],"_links":{"self":[{"href":"https:\/\/casadastintasans.com.br\/index.php\/wp-json\/wp\/v2\/product\/27851","targetHints":{"allow":["GET"]}}],"collection":[{"href":"https:\/\/casadastintasans.com.br\/index.php\/wp-json\/wp\/v2\/product"}],"about":[{"href":"https:\/\/casadastintasans.com.br\/index.php\/wp-json\/wp\/v2\/types\/product"}],"wp:featuredmedia":[{"embeddable":true,"href":"https:\/\/casadastintasans.com.br\/index.php\/wp-json\/wp\/v2\/media\/27852"}],"wp:attachment":[{"href":"https:\/\/casadastintasans.com.br\/index.php\/wp-json\/wp\/v2\/media?parent=27851"}],"wp:term":[{"taxonomy":"product_brand","embeddable":true,"href":"https:\/\/casadastintasans.com.br\/index.php\/wp-json\/wp\/v2\/product_brand?post=27851"},{"taxonomy":"product_cat","embeddable":true,"href":"https:\/\/casadastintasans.com.br\/index.php\/wp-json\/wp\/v2\/product_cat?post=27851"},{"taxonomy":"product_tag","embeddable":true,"href":"https:\/\/casadastintasans.com.br\/index.php\/wp-json\/wp\/v2\/product_tag?post=27851"}],"curies":[{"name":"wp","href":"https:\/\/api.w.org\/{rel}","templated":true}]}}