{"id":27503,"date":"2021-06-19T13:58:03","date_gmt":"2021-06-19T13:58:03","guid":{"rendered":"http:\/\/casadastintasans.com.br\/?post_type=product&#038;p=27503"},"modified":"2021-06-21T19:26:21","modified_gmt":"2021-06-21T19:26:21","slug":"norton-flap-disc-original","status":"publish","type":"product","link":"https:\/\/casadastintasans.com.br\/index.php\/produto\/norton-flap-disc-original\/","title":{"rendered":"Norton Flap Disc Original"},"content":{"rendered":"","protected":false},"excerpt":{"rendered":"<div class=\"product-description\">\n<div class=\"block-wysiwyg\">\n<p>O Flap Disc Norton Original \u00e9 um disco composto por uma camada de aletas de lixa com costado de tecido e gr\u00e3o Norzon (tecnologia Saint-Gobain que proporciona excelente poder de remo\u00e7\u00e3o) aplicados em suporte externo de fibra. Desbasta e d\u00e1 acabamento ao mesmo tempo, eliminando a troca de discos em trabalhos que exijam as duas opera\u00e7\u00f5es. Indicado para desbaste de soldas, rebarba\u00e7\u00e3o, elimina\u00e7\u00e3o de corros\u00e3o.<\/p>\n<\/div>\n<\/div>\n<div class=\"product-attr-area\"><\/div>\n","protected":false},"featured_media":27504,"template":"","meta":[],"product_brand":[],"product_cat":[207,145,205],"product_tag":[],"class_list":{"0":"post-27503","1":"product","2":"type-product","3":"status-publish","4":"has-post-thumbnail","6":"product_cat-abrasivos","7":"product_cat-acessorios","8":"product_cat-discos","10":"first","11":"instock","12":"shipping-taxable","13":"product-type-simple"},"aioseo_notices":[],"_links":{"self":[{"href":"https:\/\/casadastintasans.com.br\/index.php\/wp-json\/wp\/v2\/product\/27503","targetHints":{"allow":["GET"]}}],"collection":[{"href":"https:\/\/casadastintasans.com.br\/index.php\/wp-json\/wp\/v2\/product"}],"about":[{"href":"https:\/\/casadastintasans.com.br\/index.php\/wp-json\/wp\/v2\/types\/product"}],"wp:featuredmedia":[{"embeddable":true,"href":"https:\/\/casadastintasans.com.br\/index.php\/wp-json\/wp\/v2\/media\/27504"}],"wp:attachment":[{"href":"https:\/\/casadastintasans.com.br\/index.php\/wp-json\/wp\/v2\/media?parent=27503"}],"wp:term":[{"taxonomy":"product_brand","embeddable":true,"href":"https:\/\/casadastintasans.com.br\/index.php\/wp-json\/wp\/v2\/product_brand?post=27503"},{"taxonomy":"product_cat","embeddable":true,"href":"https:\/\/casadastintasans.com.br\/index.php\/wp-json\/wp\/v2\/product_cat?post=27503"},{"taxonomy":"product_tag","embeddable":true,"href":"https:\/\/casadastintasans.com.br\/index.php\/wp-json\/wp\/v2\/product_tag?post=27503"}],"curies":[{"name":"wp","href":"https:\/\/api.w.org\/{rel}","templated":true}]}}