{"id":27350,"date":"2021-06-16T18:07:07","date_gmt":"2021-06-16T18:07:07","guid":{"rendered":"http:\/\/casadastintasans.com.br\/?post_type=product&#038;p=27350"},"modified":"2023-01-04T18:46:34","modified_gmt":"2023-01-04T18:46:34","slug":"anjo-cola-plastica-universal-super-light-450g","status":"publish","type":"product","link":"https:\/\/casadastintasans.com.br\/index.php\/produto\/anjo-cola-plastica-universal-super-light-450g\/","title":{"rendered":"ANJO COLA PL\u00c1STICA SUPER LIGHT 450g"},"content":{"rendered":"","protected":false},"excerpt":{"rendered":"<p class=\"text1 text-size-lvl-1\">Use a Cola Pl\u00e1stica Universal Super Light da Anjo para nivelar ou corrigir imperfei\u00e7\u00f5es em repinturas automotivas com resultado profissional. Pode ser utilizada para acabamento em madeira (uso interno), m\u00e1rmore e granito.<\/p>\n","protected":false},"featured_media":27351,"template":"","meta":[],"product_brand":[],"product_cat":[220,143],"product_tag":[],"class_list":{"0":"post-27350","1":"product","2":"type-product","3":"status-publish","4":"has-post-thumbnail","6":"product_cat-complemento-automotivo","7":"product_cat-linha-automotiva","9":"first","10":"instock","11":"shipping-taxable","12":"product-type-simple"},"aioseo_notices":[],"_links":{"self":[{"href":"https:\/\/casadastintasans.com.br\/index.php\/wp-json\/wp\/v2\/product\/27350","targetHints":{"allow":["GET"]}}],"collection":[{"href":"https:\/\/casadastintasans.com.br\/index.php\/wp-json\/wp\/v2\/product"}],"about":[{"href":"https:\/\/casadastintasans.com.br\/index.php\/wp-json\/wp\/v2\/types\/product"}],"wp:featuredmedia":[{"embeddable":true,"href":"https:\/\/casadastintasans.com.br\/index.php\/wp-json\/wp\/v2\/media\/27351"}],"wp:attachment":[{"href":"https:\/\/casadastintasans.com.br\/index.php\/wp-json\/wp\/v2\/media?parent=27350"}],"wp:term":[{"taxonomy":"product_brand","embeddable":true,"href":"https:\/\/casadastintasans.com.br\/index.php\/wp-json\/wp\/v2\/product_brand?post=27350"},{"taxonomy":"product_cat","embeddable":true,"href":"https:\/\/casadastintasans.com.br\/index.php\/wp-json\/wp\/v2\/product_cat?post=27350"},{"taxonomy":"product_tag","embeddable":true,"href":"https:\/\/casadastintasans.com.br\/index.php\/wp-json\/wp\/v2\/product_tag?post=27350"}],"curies":[{"name":"wp","href":"https:\/\/api.w.org\/{rel}","templated":true}]}}