{"id":27342,"date":"2021-06-16T17:54:03","date_gmt":"2021-06-16T17:54:03","guid":{"rendered":"http:\/\/casadastintasans.com.br\/?post_type=product&#038;p=27342"},"modified":"2023-01-04T18:50:07","modified_gmt":"2023-01-04T18:50:07","slug":"anjo-esmalte-sintetico-er-36l","status":"publish","type":"product","link":"https:\/\/casadastintasans.com.br\/index.php\/produto\/anjo-esmalte-sintetico-er-36l\/","title":{"rendered":"ANJO ESMALTE SINT\u00c9TICO ER 3,6L"},"content":{"rendered":"","protected":false},"excerpt":{"rendered":"<p>Tinta acabamento a base de resinas alqu\u00eddicas com excelente acabamento e secagem r\u00e1pida. Indicado para pintura geral ou parcial de ve\u00edculos automotivos, implementos agr\u00edcolas, m\u00e1quinas industriais, madeiras e pe\u00e7as met\u00e1licas em geral previamente preparadas.<\/p>\n","protected":false},"featured_media":27343,"template":"","meta":[],"product_brand":[],"product_cat":[143,219],"product_tag":[],"class_list":{"0":"post-27342","1":"product","2":"type-product","3":"status-publish","4":"has-post-thumbnail","6":"product_cat-linha-automotiva","7":"product_cat-tintas-automotivas","9":"first","10":"instock","11":"shipping-taxable","12":"product-type-simple"},"aioseo_notices":[],"_links":{"self":[{"href":"https:\/\/casadastintasans.com.br\/index.php\/wp-json\/wp\/v2\/product\/27342","targetHints":{"allow":["GET"]}}],"collection":[{"href":"https:\/\/casadastintasans.com.br\/index.php\/wp-json\/wp\/v2\/product"}],"about":[{"href":"https:\/\/casadastintasans.com.br\/index.php\/wp-json\/wp\/v2\/types\/product"}],"wp:featuredmedia":[{"embeddable":true,"href":"https:\/\/casadastintasans.com.br\/index.php\/wp-json\/wp\/v2\/media\/27343"}],"wp:attachment":[{"href":"https:\/\/casadastintasans.com.br\/index.php\/wp-json\/wp\/v2\/media?parent=27342"}],"wp:term":[{"taxonomy":"product_brand","embeddable":true,"href":"https:\/\/casadastintasans.com.br\/index.php\/wp-json\/wp\/v2\/product_brand?post=27342"},{"taxonomy":"product_cat","embeddable":true,"href":"https:\/\/casadastintasans.com.br\/index.php\/wp-json\/wp\/v2\/product_cat?post=27342"},{"taxonomy":"product_tag","embeddable":true,"href":"https:\/\/casadastintasans.com.br\/index.php\/wp-json\/wp\/v2\/product_tag?post=27342"}],"curies":[{"name":"wp","href":"https:\/\/api.w.org\/{rel}","templated":true}]}}