{"id":27210,"date":"2021-06-09T18:43:35","date_gmt":"2021-06-09T18:43:35","guid":{"rendered":"http:\/\/casadastintasans.com.br\/?post_type=product&#038;p=27210"},"modified":"2021-06-09T19:03:33","modified_gmt":"2021-06-09T19:03:33","slug":"metalatex-requinte-acetinado-36l","status":"publish","type":"product","link":"https:\/\/casadastintasans.com.br\/index.php\/produto\/metalatex-requinte-acetinado-36l\/","title":{"rendered":"Metalatex Requinte Acetinado 3,6L"},"content":{"rendered":"","protected":false},"excerpt":{"rendered":"<p>Tinta acr\u00edlica com acabamento acetinado, indicada principalmente para ambientes que necessitem de limpeza frequente, como corredores, quartos de crian\u00e7a, salas de jantar, salas de aula, entre outros. Sua f\u00f3rmula exclusiva facilita a remo\u00e7\u00e3o de manchas na pintura causadas por alimentos, bebidas, l\u00e1pis de cores, marcas de dedos, etc., mantendo o efeito decorativo das superf\u00edcies pintadas ap\u00f3s a limpeza. Metalatex requinte superlav\u00e1vel sem cheiro refor\u00e7a o compromisso e respeito da Sherwin-Williams com o meio ambiente, pois foi desenvolvido com mat\u00e9rias-primas de alta tecnologia, permitindo que a pintura seja feita em \u00e1reas internas ocupadas, garantindo que o ambiente permane\u00e7a sem cheiro* em at\u00e9 3 horas ap\u00f3s a aplica\u00e7\u00e3o. Importante: A base dever\u00e1 ser utilizada somente ap\u00f3s o tingimento atrav\u00e9s do Sistema Tintom\u00e9trico Sherwin-Williams. * Seguidas corretamente as instru\u00e7\u00f5es de aplica\u00e7\u00e3o e mantendo-se o ambiente ventilado, ap\u00f3s 3 horas da aplica\u00e7\u00e3o, o cheiro caracter\u00edstico da tinta \u00e9 praticamente impercept\u00edvel.<\/p>\n<p>&nbsp;<\/p>\n<div class=\"side first\"><\/div>\n","protected":false},"featured_media":27217,"template":"","meta":[],"product_brand":[],"product_cat":[162,179,144,178,180],"product_tag":[],"class_list":{"0":"post-27210","1":"product","2":"type-product","3":"status-publish","4":"has-post-thumbnail","6":"product_cat-exterior","7":"product_cat-interior","8":"product_cat-linha-imobiliaria","9":"product_cat-sherwin-williams","10":"product_cat-tintas","12":"first","13":"instock","14":"shipping-taxable","15":"product-type-simple"},"aioseo_notices":[],"_links":{"self":[{"href":"https:\/\/casadastintasans.com.br\/index.php\/wp-json\/wp\/v2\/product\/27210","targetHints":{"allow":["GET"]}}],"collection":[{"href":"https:\/\/casadastintasans.com.br\/index.php\/wp-json\/wp\/v2\/product"}],"about":[{"href":"https:\/\/casadastintasans.com.br\/index.php\/wp-json\/wp\/v2\/types\/product"}],"wp:featuredmedia":[{"embeddable":true,"href":"https:\/\/casadastintasans.com.br\/index.php\/wp-json\/wp\/v2\/media\/27217"}],"wp:attachment":[{"href":"https:\/\/casadastintasans.com.br\/index.php\/wp-json\/wp\/v2\/media?parent=27210"}],"wp:term":[{"taxonomy":"product_brand","embeddable":true,"href":"https:\/\/casadastintasans.com.br\/index.php\/wp-json\/wp\/v2\/product_brand?post=27210"},{"taxonomy":"product_cat","embeddable":true,"href":"https:\/\/casadastintasans.com.br\/index.php\/wp-json\/wp\/v2\/product_cat?post=27210"},{"taxonomy":"product_tag","embeddable":true,"href":"https:\/\/casadastintasans.com.br\/index.php\/wp-json\/wp\/v2\/product_tag?post=27210"}],"curies":[{"name":"wp","href":"https:\/\/api.w.org\/{rel}","templated":true}]}}