{"id":27196,"date":"2021-06-09T17:06:30","date_gmt":"2021-06-09T17:06:30","guid":{"rendered":"http:\/\/casadastintasans.com.br\/?post_type=product&#038;p=27196"},"modified":"2021-06-22T18:05:01","modified_gmt":"2021-06-22T18:05:01","slug":"sherwin-williams-massa-corrida-6kg","status":"publish","type":"product","link":"https:\/\/casadastintasans.com.br\/index.php\/produto\/sherwin-williams-massa-corrida-6kg\/","title":{"rendered":"Sherwin-Williams Massa Corrida 6kg"},"content":{"rendered":"","protected":false},"excerpt":{"rendered":"<p>SHERWIN-WILLIAMS MASSA CORRIDA \u00e9 utilizada para nivelar e corrigir pequenas imperfei\u00e7\u00f5es em paredes internas secas e tetos. Durante o processo de prepara\u00e7\u00e3o da superf\u00edcie, o produto tem f\u00e1cil aplica\u00e7\u00e3o e melhora o lixamento, proporcionando economia da tinta de acabamento.<\/p>\n","protected":false},"featured_media":27198,"template":"","meta":[],"product_brand":[],"product_cat":[189,144,178],"product_tag":[],"class_list":{"0":"post-27196","1":"product","2":"type-product","3":"status-publish","4":"has-post-thumbnail","6":"product_cat-complementos","7":"product_cat-linha-imobiliaria","8":"product_cat-sherwin-williams","10":"first","11":"instock","12":"shipping-taxable","13":"product-type-simple"},"aioseo_notices":[],"_links":{"self":[{"href":"https:\/\/casadastintasans.com.br\/index.php\/wp-json\/wp\/v2\/product\/27196","targetHints":{"allow":["GET"]}}],"collection":[{"href":"https:\/\/casadastintasans.com.br\/index.php\/wp-json\/wp\/v2\/product"}],"about":[{"href":"https:\/\/casadastintasans.com.br\/index.php\/wp-json\/wp\/v2\/types\/product"}],"wp:featuredmedia":[{"embeddable":true,"href":"https:\/\/casadastintasans.com.br\/index.php\/wp-json\/wp\/v2\/media\/27198"}],"wp:attachment":[{"href":"https:\/\/casadastintasans.com.br\/index.php\/wp-json\/wp\/v2\/media?parent=27196"}],"wp:term":[{"taxonomy":"product_brand","embeddable":true,"href":"https:\/\/casadastintasans.com.br\/index.php\/wp-json\/wp\/v2\/product_brand?post=27196"},{"taxonomy":"product_cat","embeddable":true,"href":"https:\/\/casadastintasans.com.br\/index.php\/wp-json\/wp\/v2\/product_cat?post=27196"},{"taxonomy":"product_tag","embeddable":true,"href":"https:\/\/casadastintasans.com.br\/index.php\/wp-json\/wp\/v2\/product_tag?post=27196"}],"curies":[{"name":"wp","href":"https:\/\/api.w.org\/{rel}","templated":true}]}}