{"id":27183,"date":"2021-06-07T19:09:55","date_gmt":"2021-06-07T19:09:55","guid":{"rendered":"http:\/\/casadastintasans.com.br\/?post_type=product&#038;p=27183"},"modified":"2021-06-11T19:49:40","modified_gmt":"2021-06-11T19:49:40","slug":"coral-verniz-acrilico-18l","status":"publish","type":"product","link":"https:\/\/casadastintasans.com.br\/index.php\/produto\/coral-verniz-acrilico-18l\/","title":{"rendered":"Coral Verniz Acr\u00edlico 18L"},"content":{"rendered":"","protected":false},"excerpt":{"rendered":"<div class=\"collapsible-content wysiwyg js-content\">\n<div class=\"inner-content\" data-transition-item=\"\">\n<div class=\"a34-body-copy body-copy-s wysiwyg\" data-component=\"a34-body-copy\">\n<div>O Verniz Acr\u00edlico deve ser utilizado para dar maior prote\u00e7\u00e3o e melhor acabamento \u00e0s paredes externas e internas de concreto, pedra mineira, ard\u00f3sia e tijolo \u00e0 vista. Possui resist\u00eancia \u00e0 alcalinidade, \u00e0 a\u00e7\u00e3o da maresia e tamb\u00e9m ao sol e \u00e0 chuva. \u00c9 dilu\u00edvel em \u00e1gua e, quando seco, fica incolor, proporcionando maior brilho, beleza e facilidade para limpar a superf\u00edcie. Uma lata de 18L pinta at\u00e9 275m\u00b2 por dem\u00e3o.<\/div>\n<\/div>\n<\/div>\n<\/div>\n<div class=\"collapsible-content-title js-toggle\">\n<div class=\"a1-heading\" data-component=\"a1-heading\"><\/div>\n<\/div>\n","protected":false},"featured_media":27184,"template":"","meta":[],"product_brand":[],"product_cat":[155,195,162,179,144,158,193],"product_tag":[],"class_list":{"0":"post-27183","1":"product","2":"type-product","3":"status-publish","4":"has-post-thumbnail","6":"product_cat-coral","7":"product_cat-coral-linha-imobiliaria","8":"product_cat-exterior","9":"product_cat-interior","10":"product_cat-linha-imobiliaria","11":"product_cat-madeiras","12":"product_cat-vernizes","14":"first","15":"instock","16":"shipping-taxable","17":"product-type-simple"},"aioseo_notices":[],"_links":{"self":[{"href":"https:\/\/casadastintasans.com.br\/index.php\/wp-json\/wp\/v2\/product\/27183","targetHints":{"allow":["GET"]}}],"collection":[{"href":"https:\/\/casadastintasans.com.br\/index.php\/wp-json\/wp\/v2\/product"}],"about":[{"href":"https:\/\/casadastintasans.com.br\/index.php\/wp-json\/wp\/v2\/types\/product"}],"wp:featuredmedia":[{"embeddable":true,"href":"https:\/\/casadastintasans.com.br\/index.php\/wp-json\/wp\/v2\/media\/27184"}],"wp:attachment":[{"href":"https:\/\/casadastintasans.com.br\/index.php\/wp-json\/wp\/v2\/media?parent=27183"}],"wp:term":[{"taxonomy":"product_brand","embeddable":true,"href":"https:\/\/casadastintasans.com.br\/index.php\/wp-json\/wp\/v2\/product_brand?post=27183"},{"taxonomy":"product_cat","embeddable":true,"href":"https:\/\/casadastintasans.com.br\/index.php\/wp-json\/wp\/v2\/product_cat?post=27183"},{"taxonomy":"product_tag","embeddable":true,"href":"https:\/\/casadastintasans.com.br\/index.php\/wp-json\/wp\/v2\/product_tag?post=27183"}],"curies":[{"name":"wp","href":"https:\/\/api.w.org\/{rel}","templated":true}]}}