{"id":27131,"date":"2021-06-05T12:09:00","date_gmt":"2021-06-05T12:09:00","guid":{"rendered":"http:\/\/casadastintasans.com.br\/?post_type=product&#038;p=27131"},"modified":"2021-06-05T12:43:20","modified_gmt":"2021-06-05T12:43:20","slug":"sikafill-rapido-concreto-15kg","status":"publish","type":"product","link":"https:\/\/casadastintasans.com.br\/index.php\/produto\/sikafill-rapido-concreto-15kg\/","title":{"rendered":"SikaFill  R\u00e1pido Concreto 15kg"},"content":{"rendered":"","protected":false},"excerpt":{"rendered":"<p>O SikaFill\u00ae R\u00e1pido \u00e9 um impermeabilizante \u00e0 base de resinas acr\u00edlicas el\u00e1sticas e flex\u00edveis e com micro esferas polim\u00e9ricas, aplicado a frio, para impermeabiliza\u00e7\u00e3o de telhados, lajes e pisos de \u00e1reas frias.<\/p>\n","protected":false},"featured_media":27132,"template":"","meta":[],"product_brand":[],"product_cat":[144,190,191],"product_tag":[],"class_list":{"0":"post-27131","1":"product","2":"type-product","3":"status-publish","4":"has-post-thumbnail","6":"product_cat-linha-imobiliaria","7":"product_cat-selanteseimpermeabilizante","8":"product_cat-sika","10":"first","11":"instock","12":"shipping-taxable","13":"product-type-simple"},"aioseo_notices":[],"_links":{"self":[{"href":"https:\/\/casadastintasans.com.br\/index.php\/wp-json\/wp\/v2\/product\/27131","targetHints":{"allow":["GET"]}}],"collection":[{"href":"https:\/\/casadastintasans.com.br\/index.php\/wp-json\/wp\/v2\/product"}],"about":[{"href":"https:\/\/casadastintasans.com.br\/index.php\/wp-json\/wp\/v2\/types\/product"}],"wp:featuredmedia":[{"embeddable":true,"href":"https:\/\/casadastintasans.com.br\/index.php\/wp-json\/wp\/v2\/media\/27132"}],"wp:attachment":[{"href":"https:\/\/casadastintasans.com.br\/index.php\/wp-json\/wp\/v2\/media?parent=27131"}],"wp:term":[{"taxonomy":"product_brand","embeddable":true,"href":"https:\/\/casadastintasans.com.br\/index.php\/wp-json\/wp\/v2\/product_brand?post=27131"},{"taxonomy":"product_cat","embeddable":true,"href":"https:\/\/casadastintasans.com.br\/index.php\/wp-json\/wp\/v2\/product_cat?post=27131"},{"taxonomy":"product_tag","embeddable":true,"href":"https:\/\/casadastintasans.com.br\/index.php\/wp-json\/wp\/v2\/product_tag?post=27131"}],"curies":[{"name":"wp","href":"https:\/\/api.w.org\/{rel}","templated":true}]}}