{"id":27014,"date":"2021-05-31T19:07:07","date_gmt":"2021-05-31T19:07:07","guid":{"rendered":"http:\/\/casadastintasans.com.br\/?post_type=product&#038;p=27014"},"modified":"2021-06-04T19:51:34","modified_gmt":"2021-06-04T19:51:34","slug":"decora-acrilico-premium-matte-08l","status":"publish","type":"product","link":"https:\/\/casadastintasans.com.br\/index.php\/produto\/decora-acrilico-premium-matte-08l\/","title":{"rendered":"DECORA ACR\u00cdLICO PREMIUM MATTE 0,8L"},"content":{"rendered":"<h4 class=\"ts2 tc-grey\"><img decoding=\"async\" class=\"wp-image-27082 alignleft\" src=\"http:\/\/casadastintasans.com.br\/wp-content\/uploads\/2021\/05\/banner_home_leque-1-300x169.jpg\" alt=\"\" width=\"437\" height=\"246\" srcset=\"https:\/\/casadastintasans.com.br\/wp-content\/uploads\/2021\/05\/banner_home_leque-1-300x169.jpg 300w, https:\/\/casadastintasans.com.br\/wp-content\/uploads\/2021\/05\/banner_home_leque-1-1024x576.jpg 1024w, https:\/\/casadastintasans.com.br\/wp-content\/uploads\/2021\/05\/banner_home_leque-1-768x432.jpg 768w, https:\/\/casadastintasans.com.br\/wp-content\/uploads\/2021\/05\/banner_home_leque-1-600x337.jpg 600w, https:\/\/casadastintasans.com.br\/wp-content\/uploads\/2021\/05\/banner_home_leque-1.jpg 1366w\" sizes=\"(max-width: 437px) 100vw, 437px\" \/><\/h4>\n<h4><\/h4>\n<h4><\/h4>\n<h4><\/h4>\n<h4><\/h4>\n<h4><\/h4>\n<h4 class=\"ts2 tc-grey\">ESCOLHA A COR DA TINTA<\/h4>\n<div class=\"title-h6\">CONFIRA AS OP\u00c7\u00d5ES DISPON\u00cdVEIS E ESCOLHA A COR CERTA PARA CADA AMBIENTE. AS CORES S\u00c3O APENAS APROXIMA\u00c7\u00d5ES E VARIAM DA COR ORIGINAL E DE MONITOR PARA MONITOR.<\/div>\n","protected":false},"excerpt":{"rendered":"<p>Decora MATTE \u00e9 um Acr\u00edlico Premium Fosco com super cobertura que conta com a exclusiva tecnologia Paredes HD oferecendo cores mais vivas e um acabamento perfeito. Suacole\u00e7\u00e3o re\u00fane 2.079 cores no leque Coral. Conhe\u00e7a tamb\u00e9m a linha de Efeitos Especiais de Coral Decora: M\u00e1rmore, Cimento Queimado e Velvet e personalize suas paredes com texturas em alta defini\u00e7\u00e3o. Rende at\u00e9 150m\u00b2 acabados por embalagem de 18L.<\/p>\n","protected":false},"featured_media":27016,"template":"","meta":[],"product_brand":[],"product_cat":[155,162,179,144,180],"product_tag":[],"class_list":{"0":"post-27014","1":"product","2":"type-product","3":"status-publish","4":"has-post-thumbnail","6":"product_cat-coral","7":"product_cat-exterior","8":"product_cat-interior","9":"product_cat-linha-imobiliaria","10":"product_cat-tintas","12":"first","13":"instock","14":"shipping-taxable","15":"product-type-simple"},"aioseo_notices":[],"_links":{"self":[{"href":"https:\/\/casadastintasans.com.br\/index.php\/wp-json\/wp\/v2\/product\/27014","targetHints":{"allow":["GET"]}}],"collection":[{"href":"https:\/\/casadastintasans.com.br\/index.php\/wp-json\/wp\/v2\/product"}],"about":[{"href":"https:\/\/casadastintasans.com.br\/index.php\/wp-json\/wp\/v2\/types\/product"}],"wp:featuredmedia":[{"embeddable":true,"href":"https:\/\/casadastintasans.com.br\/index.php\/wp-json\/wp\/v2\/media\/27016"}],"wp:attachment":[{"href":"https:\/\/casadastintasans.com.br\/index.php\/wp-json\/wp\/v2\/media?parent=27014"}],"wp:term":[{"taxonomy":"product_brand","embeddable":true,"href":"https:\/\/casadastintasans.com.br\/index.php\/wp-json\/wp\/v2\/product_brand?post=27014"},{"taxonomy":"product_cat","embeddable":true,"href":"https:\/\/casadastintasans.com.br\/index.php\/wp-json\/wp\/v2\/product_cat?post=27014"},{"taxonomy":"product_tag","embeddable":true,"href":"https:\/\/casadastintasans.com.br\/index.php\/wp-json\/wp\/v2\/product_tag?post=27014"}],"curies":[{"name":"wp","href":"https:\/\/api.w.org\/{rel}","templated":true}]}}