{"id":26976,"date":"2021-05-31T16:27:14","date_gmt":"2021-05-31T16:27:14","guid":{"rendered":"http:\/\/casadastintasans.com.br\/?post_type=product&#038;p=26976"},"modified":"2021-06-22T20:02:05","modified_gmt":"2021-06-22T20:02:05","slug":"decora-diamante-semi-brilho-18l","status":"publish","type":"product","link":"https:\/\/casadastintasans.com.br\/index.php\/produto\/decora-diamante-semi-brilho-18l\/","title":{"rendered":"Decora Diamante Semi Brilho 18L"},"content":{"rendered":"<p><img decoding=\"async\" id=\"tgpli-60b53bd376442\" class=\"alignnone wp-image-26868\" src=\"http:\/\/casadastintasans.com.br\/wp-content\/uploads\/2021\/05\/banner_home_leque-1-300x169.jpg\" alt=\"\" width=\"496\" height=\"279\" data-tgpli-src=\"http:\/\/casadastintasans.com.br\/wp-content\/uploads\/2021\/05\/banner_home_leque-1-300x169.jpg\" data-tgpli-inited=\"\" \/><\/p>\n<h4 class=\"ts2 tc-grey\">ESCOLHA A COR DA TINTA<\/h4>\n<div class=\"title-h6\">CONFIRA AS OP\u00c7\u00d5ES DISPON\u00cdVEIS E ESCOLHA A COR CERTA PARA CADA AMBIENTE. AS CORES S\u00c3O APENAS APROXIMA\u00c7\u00d5ES E VARIAM DA COR ORIGINAL E DE MONITOR PARA MONITOR.<\/div>\n","protected":false},"excerpt":{"rendered":"<p>Decora DIAMANTE \u00e9 um Acr\u00edlico Premium Semi brilho de alta resist\u00eancia e f\u00e1cil de limpar que conta com a exclusiva tecnologia Paredes HD oferecendo cores mais vivas e um acabamento com brilho. Sua cole\u00e7\u00e3o re\u00fane 2.079 cores no leque Coral. Conhe\u00e7a tamb\u00e9m a linha de Efeitos Especiais de Coral Decora: M\u00e1rmore, Cimento Queimado e Velvet e personalize suas paredes com texturas em alta defini\u00e7\u00e3o.<\/p>\n","protected":false},"featured_media":26978,"template":"","meta":[],"product_brand":[],"product_cat":[155,162,179,144,180],"product_tag":[],"class_list":{"0":"post-26976","1":"product","2":"type-product","3":"status-publish","4":"has-post-thumbnail","6":"product_cat-coral","7":"product_cat-exterior","8":"product_cat-interior","9":"product_cat-linha-imobiliaria","10":"product_cat-tintas","12":"first","13":"instock","14":"featured","15":"shipping-taxable","16":"product-type-simple"},"aioseo_notices":[],"_links":{"self":[{"href":"https:\/\/casadastintasans.com.br\/index.php\/wp-json\/wp\/v2\/product\/26976","targetHints":{"allow":["GET"]}}],"collection":[{"href":"https:\/\/casadastintasans.com.br\/index.php\/wp-json\/wp\/v2\/product"}],"about":[{"href":"https:\/\/casadastintasans.com.br\/index.php\/wp-json\/wp\/v2\/types\/product"}],"wp:featuredmedia":[{"embeddable":true,"href":"https:\/\/casadastintasans.com.br\/index.php\/wp-json\/wp\/v2\/media\/26978"}],"wp:attachment":[{"href":"https:\/\/casadastintasans.com.br\/index.php\/wp-json\/wp\/v2\/media?parent=26976"}],"wp:term":[{"taxonomy":"product_brand","embeddable":true,"href":"https:\/\/casadastintasans.com.br\/index.php\/wp-json\/wp\/v2\/product_brand?post=26976"},{"taxonomy":"product_cat","embeddable":true,"href":"https:\/\/casadastintasans.com.br\/index.php\/wp-json\/wp\/v2\/product_cat?post=26976"},{"taxonomy":"product_tag","embeddable":true,"href":"https:\/\/casadastintasans.com.br\/index.php\/wp-json\/wp\/v2\/product_tag?post=26976"}],"curies":[{"name":"wp","href":"https:\/\/api.w.org\/{rel}","templated":true}]}}