{"id":26954,"date":"2021-05-29T13:40:32","date_gmt":"2021-05-29T13:40:32","guid":{"rendered":"http:\/\/casadastintasans.com.br\/?post_type=product&#038;p=26954"},"modified":"2021-05-31T19:33:35","modified_gmt":"2021-05-31T19:33:35","slug":"coralit-ultra-resistencia-fosco","status":"publish","type":"product","link":"https:\/\/casadastintasans.com.br\/index.php\/produto\/coralit-ultra-resistencia-fosco\/","title":{"rendered":"Coralit Ultra Resist\u00eancia 3,6L"},"content":{"rendered":"<p><img decoding=\"async\" id=\"tgpli-60b242e823e42\" class=\"alignnone wp-image-26868\" src=\"http:\/\/casadastintasans.com.br\/wp-content\/uploads\/2021\/05\/banner_home_leque-1-300x169.jpg\" alt=\"\" width=\"496\" height=\"279\" data-tgpli-src=\"http:\/\/casadastintasans.com.br\/wp-content\/uploads\/2021\/05\/banner_home_leque-1-300x169.jpg\" data-tgpli-inited=\"\" \/><\/p>\n<h4 class=\"ts2 tc-grey\">ESCOLHA A COR DA TINTA<\/h4>\n<div class=\"title-h6\">CONFIRA AS OP\u00c7\u00d5ES DISPON\u00cdVEIS E ESCOLHA A COR CERTA PARA CADA AMBIENTE. AS CORES S\u00c3O APENAS APROXIMA\u00c7\u00d5ES E VARIAM DA COR ORIGINAL E DE MONITOR PARA MONITOR.<\/div>\n","protected":false},"excerpt":{"rendered":"<p>Coralit Ultra Resist\u00eancia \u00e9 um esmalte sint\u00e9tico de alta performance que oferece M\u00c1XIMA PROTE\u00c7\u00c3O e o ACABAMENTO PERFEITO na hora de proteger e embelezar portas, janelas e port\u00f5es no exterior da casa. Sua f\u00f3rmula com silicone cria uma pel\u00edcula brilhante de alta prote\u00e7\u00e3o, que conserva a apar\u00eancia de novo por muito tempo. O resultado \u00e9 um acabamento perfeito. A durabilidade de Coralit \u00e9 de 10 anos.<\/p>\n","protected":false},"featured_media":26955,"template":"","meta":[],"product_brand":[],"product_cat":[155,186,162,144,158,159,160],"product_tag":[],"class_list":{"0":"post-26954","1":"product","2":"type-product","3":"status-publish","4":"has-post-thumbnail","6":"product_cat-coral","7":"product_cat-esmaltes","8":"product_cat-exterior","9":"product_cat-linha-imobiliaria","10":"product_cat-madeiras","11":"product_cat-metais","12":"product_cat-outras-superficies","14":"first","15":"instock","16":"shipping-taxable","17":"product-type-simple"},"aioseo_notices":[],"_links":{"self":[{"href":"https:\/\/casadastintasans.com.br\/index.php\/wp-json\/wp\/v2\/product\/26954","targetHints":{"allow":["GET"]}}],"collection":[{"href":"https:\/\/casadastintasans.com.br\/index.php\/wp-json\/wp\/v2\/product"}],"about":[{"href":"https:\/\/casadastintasans.com.br\/index.php\/wp-json\/wp\/v2\/types\/product"}],"wp:featuredmedia":[{"embeddable":true,"href":"https:\/\/casadastintasans.com.br\/index.php\/wp-json\/wp\/v2\/media\/26955"}],"wp:attachment":[{"href":"https:\/\/casadastintasans.com.br\/index.php\/wp-json\/wp\/v2\/media?parent=26954"}],"wp:term":[{"taxonomy":"product_brand","embeddable":true,"href":"https:\/\/casadastintasans.com.br\/index.php\/wp-json\/wp\/v2\/product_brand?post=26954"},{"taxonomy":"product_cat","embeddable":true,"href":"https:\/\/casadastintasans.com.br\/index.php\/wp-json\/wp\/v2\/product_cat?post=26954"},{"taxonomy":"product_tag","embeddable":true,"href":"https:\/\/casadastintasans.com.br\/index.php\/wp-json\/wp\/v2\/product_tag?post=26954"}],"curies":[{"name":"wp","href":"https:\/\/api.w.org\/{rel}","templated":true}]}}